 the units digit of o?
4
Suppose -5*k - 2*a - 38 = -3*a, 5*k - 3*a = -34. What is the hundreds digit of (-4913)/k - (-3)/(-24)?
6
Let a(q) = q**2 + 2*q + 3. Let k be a(-5). What is the units digit of (k - 1)*(-1)/3*-3?
7
Let j(b) = 2*b**2 - 14*b + 4. Let f be j(13). Suppose -5*c = -3*g + 5*g - 35, 0 = -2*c + 4*g - 10. Suppose f = -c*w + 460. What is the tens digit of w?
6
What is the thousands digit of (-30)/(-570) + 233924/76?
3
Let a = -23333 + 47028. What is the units digit of a?
5
Suppose -107*i - 117034 = -112*i + 4*j, 0 = 5*j - 20. What is the ten thousands digit of i?
2
What is the thousands digit of 742/212*((-63834)/(-21) + -2)?
0
Let w = 108 - 105. Suppose 4*h - w*o = 1896, -5*h + 5*o - 906 + 3281 = 0. What is the units digit of h?
1
Suppose 44 = -3*k + 41. What is the units digit of 180/45 + (-436)/k?
0
Let m(g) = -g**3 + 13*g**2 - 2*g + 34. Let i be m(13). Let h be -16*(i/(-32))/(2/4). Suppose -h*r + 0*r = -1320. What is the units digit of r?
5
Let m(c) = -c**3 + 2*c**2 + 153. Let s be (-3)/(-5 - (0 + -4)). Let l be (18/3)/s + -2. What is the tens digit of m(l)?
5
Let a(y) = 81*y**2 + 156*y + 1731. What is the tens digit of a(-11)?
1
Let z = -13 + 28. Suppose -z*m + 17*m - 10 = 0. Suppose 0 = m*g - u + 6*u - 705, u = 3. What is the units digit of g?
8
Let k = -73732 - -120881. What is the tens digit of k?
4
Let x(u) = u**3 - 10*u**2 - 3*u + 34. Let t be x(10). Suppose -2263 = -t*q + 5*z, -4*q - z + 0*z = -2245. What is the units digit of q?
2
Let a be ((-2)/7)/(0 + (-3)/21). Let l(d) = d - 15*d**2 + 9*d**2 - 3*d**a - 1 + d**3 - 6*d**2. What is the units digit of l(16)?
1
Suppose 32*s + 42 = 138. Suppose -4*p + 4*w = -3721 + 821, -5*w = s*p - 2199. What is the tens digit of p?
2
Let y(q) = -q + 11. Let b be y(8). Suppose -951 = 6*x - 2*x + u, -246 = x + b*u. Let v = 417 + x. What is the tens digit of v?
8
Suppose 689 = -5*b - x, 2*b + 550 = -2*b - 2*x. Let d = 335 + b. What is the tens digit of d?
9
Let t = 31170 - 14481. What is the units digit of t?
9
Let c be (-564)/(-14) - (-9)/(252/(-8)). Let l be (48/c)/((-3)/(-160)). Suppose -l = -r - 5. What is the units digit of r?
9
Suppose 0 = 3*y - 3*v - 30831, 3*y = 2*v + 32797 - 1968. What is the hundreds digit of y?
2
Let t(v) = v**2 + 7*v - 25. Let l be t(-10). Suppose -4*r + 4*r = l*r. Suppose -4*q - 165 + 809 = r. What is the units digit of q?
1
Suppose 0 = -3*o + 4*w + 79, 62 = 4*o - 2*o - 5*w. Suppose -4*h - o = 59. What is the units digit of (77/28)/((-1)/h)?
5
Suppose -730 = 5*n + 2*b - 8689, 0 = 2*n - 3*b - 3176. What is the units digit of n?
1
What is the thousands digit of (13671602/(-399))/((-4)/6)?
1
Let w(d) = 1400*d**2 + 48*d + 32. What is the hundreds digit of w(4)?
6
Let v(q) be the third derivative of -1/20*q**5 + 0*q - 1/24*q**4 + 92/3*q**3 - 1/120*q**6 + 0 - 21*q**2. What is the tens digit of v(0)?
8
Suppose -33*l + 6*w = -32*l - 11660, 3*l = 3*w + 34950. What is the thousands digit of l?
1
Let f(l) = 25*l + 101. Let x be f(-4). Let u(y) be the third derivative of 29*y**5/20 + y**4/8 - y**3/3 - 5*y**2. What is the units digit of u(x)?
8
Let f(n) = -1301*n + 980. What is the hundreds digit of f(-8)?
3
Suppose -4*h + 4*z - 3*z + 33180 = 0, 16612 = 2*h + 5*z. What is the hundreds digit of h?
2
Let o(y) = -30*y + 62. Let m be o(2). Suppose m*c - 3*c - 462 = -f, 0 = c. What is the hundreds digit of f?
4
Let v(g) = -476*g + 8. Suppose 12*m + 4*m + 16 = 0. What is the units digit of v(m)?
4
Let i(x) = 3*x**2 + 4*x - 3. Let t be (-9)/(63/(-35))*(-2 + 1). Let d = -1 + t. What is the units digit of i(d)?
1
Let u be 2/8 + (-5)/(-12)*-3. Let i(g) = 63*g**2 + g + 1. Let b be i(u). Let q = b + -24. What is the units digit of q?
9
Suppose -4*y = -4*b + 2128, -3*b + y + 652 = -936. Suppose 0 = v - b - 78. What is the units digit of v?
6
Let u(w) = w**2 - 8*w - 22. Suppose l - 3 = 3. Let m be u(l). Let r = m + 73. What is the units digit of r?
9
Let b = 39257 + -22898. What is the hundreds digit of b?
3
Let x(f) = -f**2 + 25*f + 26. Suppose 5*h - 1237 + 1177 = 0. What is the units digit of x(h)?
2
Let t(j) = -8*j - 21. Let x(b) = -9*b - 21. Let l(p) = 2*t(p) - 3*x(p). Let g be l(4). Suppose 5*q + g - 580 = 0. What is the tens digit of q?
0
Let m(b) = b**2 + 9*b + 55. Let u be m(-28). Suppose 578*i + 14157 = u*i. What is the hundreds digit of i?
5
Let s(n) = -8*n**2 - 21*n - 25. Let x(m) = -7*m**2 - 20*m - 24. Let b(v) = -6*s(v) + 7*x(v). Let u be b(-11). What is the units digit of 1 - 10/u*(0 - 138)?
3
Let v be 14 + -5 - 360/30. Let z(d) = -d**2 + d + 1. Let i(m) = -3*m**2 - 12*m - 16. Let c(n) = -i(n) - 4*z(n). What is the units digit of c(v)?
1
Let f(i) = -852*i - 1220. What is the hundreds digit of f(-20)?
8
Let r(v) = -v**3 - 4*v**2 - 1. Let a be r(-4). What is the hundreds digit of 746 + -5 - (2 + a)?
7
Suppose 0 = -q + 6, 105*q + 68575 = 5*u + 110*q. What is the units digit of u?
9
Suppose -4*o + 5*y = -5259, 2*o + 2*y - 462 - 2154 = 0. What is the units digit of o?
1
Let c(b) = -b**3 - 32*b**2 + 37*b - 33. Let v be c(-34). Suppose v - 3866 = -5*d. What is the hundreds digit of d?
5
Let d(x) = -12*x + 29. Let h be d(4). Let b be (-1)/(((-2)/h)/(-2)). What is the tens digit of b/95 - 949/(-5)?
9
Suppose 5*v - 767 = -2*r, 4*v = 5*r - 1139 - 861. Let p = r + 574. What is the units digit of p?
0
Let w be (-6 + -2)/1*-2. Suppose 4*i - j = 4, 4*i + 7*j = 5*j + w. What is the tens digit of (7 - (-1)/1)/(i/19)?
7
Let s(h) = -401*h + 1314. What is the units digit of s(-33)?
7
Suppose -9*b = -40 + 94. Let l = b + 323. What is the hundreds digit of l?
3
Let d = 12552 + -2257. What is the hundreds digit of d?
2
Suppose -4*f - 218744 = -4*p, 0 = -4*p - 43*f + 39*f + 218704. What is the units digit of p?
1
Let f(v) = -2476*v + 13. Let d(n) = -495*n + 3. Let b(q) = 11*d(q) - 2*f(q). What is the hundreds digit of b(-1)?
5
What is the tens digit of 6 - 51782/(-4) - (-6)/36*3?
5
Suppose -90 = 4*y + 78. Let l = -5 - y. Let f = l - -17. What is the units digit of f?
4
Let s = 1433 + -571. Let t = -452 + s. What is the hundreds digit of t?
4
Let h(o) = o - 1. Let s(r) = 2. Let j(p) = -h(p) + s(p). Let f be j(6). What is the tens digit of 18 - (f - (2 - 0))?
2
Let o be 3 - (-84)/(-24) - 105/(-2). What is the hundreds digit of o/16 + -3 - (-3198)/8?
4
Let l = 105411 + -61775. What is the tens digit of l?
3
Let r = 64052 + -39130. What is the hundreds digit of r?
9
Suppose 5*h + 554 - 15959 = 3*a, -25 = 5*a. What is the hundreds digit of h?
0
Suppose -m + 5*q = -2040 - 3744, 3*q = 3*m - 17328. What is the thousands digit of m?
5
Suppose 0 = 48*x - 64*x + 29*x - 20826. What is the thousands digit of x?
1
Suppose -6*w = -2*w. Suppose -36*m - 720 = -41*m. Suppose w*s + 2*s = m. What is the tens digit of s?
7
Suppose -31*f = -0*f + 10*f - 163672. What is the tens digit of f?
9
Let h(i) = 85*i**3 - 2*i**2 + 5*i - 4. Let b be h(2). Let v = b + 235. What is the hundreds digit of v?
9
Let q(y) = 18*y**2 - 6*y + 5. Let l be 389/4 - 11/44 - -3. Let u = l + -97. What is the hundreds digit of q(u)?
1
Let g = 2 + 0. Suppose -g*l + 5*l = 6. Suppose -2*i + i - l*r = -66, -5*r - 329 = -4*i. What is the tens digit of i?
7
Let w = 1057 + -341. Let f = -164 + w. What is the units digit of f?
2
Let r = 50 + -45. Suppose m - r*y - 98 = 0, 5*y = -3*m + 149 + 105. Suppose 91*j = m*j + 669. What is the tens digit of j?
2
Let l(h) = h**2 - h + 4. Let z be l(0). Let f = 582 + -577. Suppose g + x + 192 = f*g, -g - z*x + 48 = 0. What is the units digit of g?
8
Suppose 0 = -5*m - 3*p + 23, 2 - 12 = -3*m + 2*p. Let v be (-25)/(-6) - -3*3/(-54). Suppose 4*r - 560 = -v*g, 15 = r - m*r. What is the hundreds digit of g?
1
Let c = -469 + 477. Let u(w) = 2*w**3 + 5*w**2 - 7*w - 17. What is the hundreds digit of u(c)?
2
Let i(d) = 4*d**3 - 95*d**2 - 5*d - 103. What is the hundreds digit of i(26)?
8
Suppose -6*p + p + p + 56780 = 0. What is the thousands digit of p?
4
Let b = 108 + -106. Suppose -4*r - 3*z + 760 = 0, -5*r - 66 + 1039 = -b*z. What is the hundreds digit of r?
1
Let w(f) = -80*f**2 - 3*f - 2. Let k(v) = -4*v - 17. Let q be k(-4). Let c be w(q). Let b = c + 151. What is the tens digit of b?
7
Let s(a) = a + 15. Let c be s(-9). Suppose -c*p = -p - 20. Suppose 2*r - r - 17 = p*i, -i = -4*r + 38. What is the units digit of